70 - s. What is the highest common divisor of x and 12?
12
Suppose 370*z - 64878 = 134922. What is the highest common divisor of z and 2052?
108
Let u(b) = b + 8. Let r be u(6). Suppose 432*d - 436*d = 3*n - 470, -4*d = -8. What is the highest common divisor of r and n?
14
Let g(i) = 26*i - 154. Let f be g(6). Suppose f = -4*h + 3*q + 52, 3*q + 28 = 2*h. What is the highest common factor of h and 4?
1
Let c = 315 - 301. Let a = -647 + 689. Calculate the highest common divisor of a and c.
14
Let d = 32 + -20. Let c(k) = 20*k - 7 - 22 - d + 9. Let a be c(4). What is the greatest common factor of a and 120?
24
Let t = -1073 + 1388. Let c(f) = -6*f - 3. Let r be c(-2). What is the highest common divisor of r and t?
9
Let m be (-174)/((45/(-20))/(15/10)). Let n = 114 + m. Calculate the greatest common factor of 1035 and n.
115
Let w(a) = 3*a**2 + a + 4. Let m be w(4). Suppose -5*j = -4*h + 124, 3*h - 4*j + 1672 = 1768. Calculate the greatest common factor of h and m.
8
Let d(u) = u**2 - u + 29. Let s be d(0). Let a(m) = 86*m**2 - 2*m - 4. Let j be a(3). Suppose 4*p + 184 = j. What is the greatest common divisor of p and s?
29
Suppose -5*w = 20, -25*s - 3*w = -21*s - 5196. Calculate the greatest common factor of 28 and s.
14
Suppose -k = -103 + 63. Suppose -213*v = -211*v - k. Let o be 1 + (37 + 1)/2. Calculate the highest common divisor of v and o.
20
Let n be (-10)/((6 - 4)/(-1)). Suppose 5*m = -10 + 100. Suppose h - 7 = m. What is the greatest common factor of n and h?
5
Let d(a) = -a**2 + 32*a + 1817. Let c be d(-23). Calculate the greatest common divisor of 2024 and c.
184
Let c(w) be the third derivative of w**4/6 + 25*w**3/3 - 2*w**2 - 2. Let v be c(16). What is the greatest common factor of 18 and v?
6
Let j(l) = 115*l - 295. Let p be j(31). Suppose 0*y - 5*y = -5*i + p, -y + 3294 = 5*i. Calculate the greatest common divisor of i and 188.
94
Suppose -59 = -2*u - 55. Let t be -1 + (-1 - u)*-1. Let m be 2 - (t/2)/(5/(-90)). What is the greatest common factor of m and 5?
5
Suppose -43 = -3*n + 77. Suppose q + 93 = -2*k - 158, 0 = -k + 5*q - 98. Let f = k - -133. Calculate the greatest common divisor of f and n.
10
Suppose -14*h + 19272 = 10*h. Let r = h + -794. Suppose 2*u = -4*l + 22, 4*l = -0*l - 3*u + 27. Calculate the greatest common factor of r and l.
3
Let o be 5*(3 - (-3)/(-5)). Let i be (1 - 105 - 2)/(28 - 30). Suppose 0 = -q - 3*g + i + o, 20 = -5*g. Calculate the highest common factor of 7 and q.
7
Let w(o) = 10*o - 100. Let n be w(10). Suppose n + 16 = k + 5*i, 81 = 4*k + 3*i. Calculate the greatest common divisor of k and 210.
21
Suppose -3*g + 5*n = 62, -4*g + 38 = -7*g - n. Let x be 15 - (12/(-18) + g/(-3)). What is the highest common divisor of x and 99?
11
Suppose -6*l = -10*l - 4. Let a be (-2 - (0 + l))*(-10 + -126). Suppose 10*r - 11*r + a = 0. Calculate the greatest common factor of 34 and r.
34
Suppose 5*m - 20 = 0, 5*s - 2*m + 496 = 2*m. Let o be 448/s*-1*3. Calculate the highest common factor of o and 4.
2
Suppose 3*a = -9, 4*q - 4*a - 65 = 3. Suppose -2*v - 4*l = -q, 6*v = 2*v + 3*l + 39. What is the greatest common factor of 180 and v?
9
Suppose -3*k + 43*g - 40*g + 828 = 0, 5*g = 2*k - 540. Calculate the greatest common factor of k and 680.
40
Let k = 587 + -370. Suppose 8*f = -2*f + 520. Let n = f - 21. What is the greatest common divisor of n and k?
31
Let l(w) = 47*w - 62*w - 9 + 189. Let h be l(-6). What is the greatest common divisor of 54 and h?
54
Let i(f) = -2*f**3 + 15*f**2 + 56*f + 65. Let g be i(10). What is the highest common factor of g and 475?
25
Let k(r) = -903*r + 2241. Let h be k(-13). What is the highest common divisor of 60 and h?
60
Suppose 0 = 2*a - 7*a + 90. Let n(z) = 123*z**2 - 38*z - 2. Let f be n(2). What is the greatest common divisor of f and a?
18
Suppose 0 = 646*h - 676*h + 150. What is the highest common divisor of h and 2590?
5
Suppose 120*n + 238 = 121*n. What is the greatest common factor of n and 4?
2
Let t(x) = 230*x - 447. Let a be t(2). What is the greatest common factor of a and 1573?
13
Suppose -4*w = 5*a - 488, w = -2*a - 0*w + 194. Suppose 5*v - a + 21 = 0. Let g be 40/(5/((-10)/(-4))). What is the highest common factor of v and g?
5
Suppose 2*w = -24 + 60. Let n be 143/6 - 3*(-1)/w. Calculate the greatest common divisor of n and 40.
8
Let m(p) = -p**2 + 12*p + 53. Let y be m(9). Let b = -66 + 34. Let o be (34/(-5))/(b/y). What is the highest common factor of 68 and o?
17
Let d be (-308)/56 - -3 - 554/(-4). Let l = 0 - -11. Suppose 6 + l = h. What is the highest common factor of d and h?
17
Let y be -1 - (-2 + 2) - (-2 + -2). Let q be 17/y + 13/(39/(-2)). What is the highest common factor of 95 and q?
5
Let p be (-5)/1*-23 - (6 - 3). Let d be (-15)/(-12) - (-5)/(-20). Let s(n) = 6*n**3 + 2*n**2 - 1. Let i be s(d). What is the highest common factor of p and i?
7
Let r = 151 - 137. Suppose -3*g = -4*g + 107. Suppose -229 = -3*k + g. What is the greatest common divisor of r and k?
14
Let p(i) = i**2 + 22*i - 32. Let z be p(-28). Let b = z + -124. Calculate the highest common divisor of b and 120.
12
Let b be 807441/1991 - (-6)/(-11). Calculate the highest common factor of 495 and b.
45
Let y be 322 + 2/6 + -7 + (-121)/(-33). Calculate the highest common divisor of 1073 and y.
29
Let f = -4888 + 8232. Calculate the highest common divisor of 154 and f.
22
Let q(u) = 52*u + 814. Let r be q(48). Calculate the highest common factor of r and 20.
10
Suppose 18*u = 514 - 154. Suppose 0 = k - 5. Let a = 0 + k. What is the greatest common divisor of u and a?
5
Suppose 16410 = 16*i + 16282. Let u(b) = b**3 - b + 2. Let w be u(3). Let h = w - 18. Calculate the greatest common factor of i and h.
8
Let l(k) = -326*k + 86. Let q be l(-2). What is the greatest common factor of q and 410?
82
Let d = -2345 - -2809. Let i be 2 + -2 + -241 - 2. Let x = i + d. What is the highest common factor of 13 and x?
13
Suppose 4*b + 9 = 49. Let a be -250*(-8)/12*3. Suppose 10*g = -0*g + a. What is the highest common factor of g and b?
10
Let g = -9 - -14. Let q(m) = 2*m**2 - 6*m - 3. Let o be q(g). Suppose -5*t = j - 41, -2*t = -5*j - 0*t + 259. Calculate the greatest common divisor of o and j.
17
Let y(j) = -3*j + 2. Let f(q) = 8*q**2 + 48*q + 3. Let r(m) = f(m) + 6*y(m). Let z be r(5). Calculate the greatest common factor of 146 and z.
73
Let c(d) = 571*d**2 - 79*d + 78. Let s be c(1). Calculate the highest common divisor of 798 and s.
114
Let x = 17602 + -17593. What is the highest common divisor of x and 453?
3
Suppose -1838*n - 27324 = -1860*n. Calculate the highest common divisor of n and 46.
46
Let c(w) = -w**3 + 12*w**2 + 3*w - 32. Let o be c(12). Suppose 130 = 4*l - o*p - 18, 5*l = -2*p + 220. What is the highest common factor of 672 and l?
42
Suppose -2*c - 14 = -4*c. Let z = c - -8. Suppose 3*o - z = -0*o. Calculate the highest common divisor of 10 and o.
5
Let r = 14 - 12. Suppose 5*y = -2*w + 1090, r*y + y - 5*w - 623 = 0. Let v be ((-324)/45)/(-3 + 86/30). What is the highest common factor of v and y?
54
Suppose 0 = 5*k + 42 - 62. Suppose s - k*x = -s + 6, 6 = s - 5*x. Let h(w) = 96*w**2 - 3*w + 3. Let l be h(s). Calculate the highest common factor of 12 and l.
12
Let k be -3 + 2 + 27/3. Let p = -60 + 61. Suppose 0 = -7*r + k*r - p. Calculate the greatest common divisor of r and 1.
1
Let f be 2 + (-4 - -4) + (14 - 4). Suppose 31*c + 4 = 29*c. Let i be (-6)/c + 8/((-24)/(-459)). What is the greatest common divisor of i and f?
12
Let i = 1201 + -1198. What is the highest common divisor of 47 and i?
1
Suppose -542 = 28*w - 3734. Suppose 3*m + 5*q - w = q, m - 2*q - 28 = 0. What is the greatest common factor of 663 and m?
17
Let x be ((-34)/4)/((-8)/48). Let z = -2110 + 2263. What is the highest common factor of x and z?
51
Let z(v) = v**3 + 10*v**2 - 15*v + 8. Let s be z(-11). Let t = -2564 - -2746. What is the highest common factor of s and t?
26
Let w = 34 - 32. Let j be (w/(-2) - -11)*12/5. Suppose 3*z + 4*y = 115, 4*y = 3*z - 107 + j. What is the greatest common divisor of 22 and z?
11
Let d = 964 - 931. What is the greatest common divisor of 869 and d?
11
Let p be (7 + (-10 - 1))/(-1). Suppose 0 = h - 0*h - 4*g - 670, 2*h = -p*g + 1328. What is the greatest common factor of 74 and h?
74
Su